19 divide 1050?
False
Is 1464 a multiple of 12?
True
Does 78 divide 3586?
False
Is 98 a factor of 2848?
False
Is 1210 a multiple of 22?
True
Does 11 divide 451?
True
Is 5850 a multiple of 8?
False
Is 2963 a multiple of 74?
False
Is 1920 a multiple of 14?
False
Does 26 divide 520?
True
Does 43 divide 2451?
True
Is 271 a multiple of 35?
False
Is 19 a factor of 608?
True
Is 520 even?
True
Does 16 divide 16457?
False
Is 85920 a multiple of 87?
False
Does 14 divide 294?
True
Does 49 divide 1666?
True
Does 22 divide 28160?
True
Is 2 a factor of 199?
False
Is 20 a factor of 740?
True
Does 24 divide 94821?
False
Is 12 a factor of 11340?
True
Is 5 a factor of 95?
True
Does 152 divide 8664?
True
Does 37 divide 1517?
True
Is 95 a multiple of 2?
False
Does 11 divide 130996?
False
Is 3670 a multiple of 35?
False
Is 5 a factor of 80?
True
Does 20 divide 10740?
True
Does 59 divide 770?
False
Is 44 a factor of 132?
True
Is 9 a factor of 369?
True
Is 497 a multiple of 17?
False
Is 22 a factor of 4966?
False
Is 36 a factor of 112?
False
Is 31 a factor of 51212?
True
Does 14 divide 624?
False
Is 51 a factor of 4193?
False
Does 112 divide 2280?
False
Is 8 a factor of 17549?
False
Does 9 divide 495?
True
Does 7 divide 210?
True
Is 17 a factor of 88043?
True
Is 57 a multiple of 2?
False
Does 78 divide 6777?
False
Is 781 a multiple of 14?
False
Is 53 a factor of 6705?
False
Is 4512 a multiple of 72?
False
Is 146 a multiple of 7?
False
Does 2 divide 94?
True
Is 25857 a multiple of 51?
True
Is 8 a factor of 4240?
True
Does 59 divide 708?
True
Does 41 divide 38772?
False
Is 1972 a multiple of 29?
True
Is 15 a factor of 945?
True
Is 34860 a multiple of 4?
True
Does 70 divide 1260?
True
Is 70440 a multiple of 24?
True
Is 1848 a multiple of 22?
True
Is 45 a multiple of 20?
False
Does 119 divide 5324?
False
Does 6 divide 9114?
True
Is 11 a factor of 2493?
False
Is 20 a factor of 94760?
True
Does 22 divide 2662?
True
Is 13064 a multiple of 8?
True
Is 74976 a multiple of 11?
True
Is 1941 a multiple of 80?
False
Does 18 divide 2937?
False
Is 8 a factor of 51872?
True
Is 43 a factor of 3225?
True
Does 75 divide 41475?
True
Does 4 divide 7226?
False
Is 13 a factor of 24546?
False
Is 45 a factor of 1563?
False
Is 35 a factor of 105?
True
Does 10 divide 60?
True
Is 1865 a multiple of 117?
False
Does 2 divide 3346?
True
Is 16 a factor of 20816?
True
Does 12 divide 69204?
True
Is 13 a factor of 21723?
True
Does 60 divide 4194?
False
Is 22 a multiple of 2?
True
Is 2343 a multiple of 71?
True
Is 16530 a multiple of 10?
True
Does 20 divide 3004?
False
Is 30 a factor of 7497?
False
Is 481 a multiple of 10?
False
Is 16 a factor of 69680?
True
Does 13 divide 806?
True
Does 34 divide 2414?
True
Is 3316 a multiple of 28?
False
Does 67 divide 8375?
True
Is 2943 a multiple of 109?
True
Is 8 a factor of 272?
True
Is 3555 a multiple of 45?
True
Is 19971 a multiple of 63?
True
Is 1383 even?
False
Does 139 divide 30858?
True
Is 4624 a multiple of 15?
False
Is 28 a factor of 2702?
False
Does 21 divide 1260?
True
Is 37 a factor of 79180?
True
Is 480 a multiple of 12?
True
Is 8 a factor of 96?
True
Is 1068 a multiple of 89?
True
Is 36650 a multiple of 61?
False
Is 20 a factor of 980?
True
Is 224 a factor of 22703?
False
Does 5 divide 3430?
True
Is 106 a factor of 57649?
False
Does 9 divide 16665?
False
Does 6 divide 3180?
True
Is 979 a multiple of 44?
False
Does 23 divide 3634?
True
Is 3040 a multiple of 76?
True
Is 16 a factor of 27632?
True
Is 7176 a multiple of 8?
True
Does 27 divide 594?
True
Is 8 a factor of 914?
False
Is 44 a factor of 45980?
True
Does 71 divide 4402?
True
Is 11960 a multiple of 115?
True
Is 12012 a multiple of 44?
True
Is 1335 a multiple of 16?
False
Is 14409 a multiple of 9?
True
Does 25 divide 10274?
False
Is 216 a multiple of 18?
True
Is 4218 a multiple of 222?
True
Is 16 a factor of 669?
False
Does 70 divide 35750?
False
Does 18 divide 76662?
True
Is 55 a factor of 854?
False
Is 3 a factor of 120?
True
Is 150500 a multiple of 140?
True
Is 37 a factor of 2917?
False
Is 47 a factor of 801?
False
Is 38 a factor of 1732?
False
Does 2 divide 28?
True
Does 76 divide 1444?
True
Is 380 a multiple of 95?
True
Does 10 divide 1347?
False
Is 890 a multiple of 24?
False
Does 28 divide 14080?
False
Is 7 a factor of 183?
False
Is 17 a factor of 204?
True
Is 35653 a multiple of 28?
False
Does 42 divide 13235?
False
Does 9 divide 4855?
False
Is 1520 a multiple of 151?
False
Is 4848 a multiple of 6?
True
Is 3538 a multiple of 58?
True
Is 228 a factor of 13908?
True
Is 21 a factor of 526?
False
Is 104062 a multiple of 14?
True
Is 11 a factor of 528?
True
Is 70 a factor of 51548?
False
Is 1550 a multiple of 41?
False
Is 12 a factor of 3588?
True
Is 5 a factor of 3450?
True
Is 300 a multiple of 6?
True
Does 21 divide 67?
False
Is 4720 a multiple of 10?
True
Is 6262 a multiple of 10?
False
Does 75 divide 224?
False
Does 15 divide 615?
True
Is 13 a factor of 2794?
False
Is 11 even?
False
Is 5651 a multiple of 117?
False
Is 12 a factor of 511?
False
Is 62 a factor of 9826?
False
Is 87 a factor of 781?
False
Is 1755 a multiple of 39?
True
Does 76 divide 15426?
False
Does 26 divide 104?
True
Does 20 divide 3340?
True
Is 2316 a multiple of 39?
False
Is 22 a factor of 32615?
False
Does 70 divide 13251?
False
Is 2 a factor of 531?
False
Is 7 a factor of 296?
False
Is 10 a factor of 90?
True
Is 23776 a multiple of 65?
False
Is 20 a factor of 3441?
False
Is 25888 a multiple of 12?
False
Is 25883 a multiple of 12?
False
Is 34 a factor of 3366?
True
Is 18 a factor of 54?
True
Does 6 divide 90?
True
Is 32 a factor of 23463?
False
Is 7 a factor of 4234?
False
Is 5 a factor of 4340?
True
Does 206 divide 3668?
False
Does 20 divide 460?
True
Is 5 a factor of 140?
True
Is 18 a factor of 31483?
False
Does 27 divide 729?
True
Is 40 a factor of 84264?
False
Is 114 a factor of 15732?
True
Is 252 a multiple of 2?
True
Does 16 divide 176?
True
Is 2040 a multiple of 22?
False
Does 54 divide 16740?
True
Is 42 a multiple of 15?
False
Is 26621 a multiple of 61?
False
Is 18 a factor of 1422?
True
Does 234 divide 28314?
True
Does 25 divide 36050?
True
Is 17 a factor of 8096?
False
Is 3136 a multiple of 56?
True
Does 9 divide 26468?
False
Is 49 a multiple of 7?
True
Does 17 divide 41146?
False
Is 2600 a multiple of 50?
True
Does 4 divide 9631?
False
Is 1511 a multiple of 32?
False
Is 12 a factor of 264?
True
Is 9 a factor of 6921?
True
Is 832 a multiple of 26?
True
Does 56 divide 24512?
False
Is 7 a factor of 24186?
False
Does 65 divide 1560?
True
Is 25 a factor of 424?
False
Is 1296 a multiple of 48?
True
Does 82 divide 65436?
True
Is 9 a factor of 4770?
True
Is 118 a factor of 7316?
True
Is 26 a factor of 34725?
False
Does 10 divide 650?
True
Is 18 a factor of 3258?
True
Is 11 a factor of 1210?
True
Is 13 a factor of 4283?
False
Is 46 a factor of 12398?
False
Is 135 a factor of 9056?
False
Is 45 a factor of 4275?
True
Is 10 a factor of 13516?
False
Is 5329 a multiple of 55?
False
Does 19 divide 722?
True
Does 6 divide 2022?
True
Does 42 divide 420?
True
Is 6923 a multiple of 8?
False
Does 10 divide 127?
False
Is 3 a factor of 11475?
True
Is 2093 a multiple of 7?
True
Is 49 a factor of 3283?
True
Does 44 divide 46024?
True
Does 18 divide 10548?
True
Does 41 divide 2173?
True
Is 31 a factor of 93?
True
Does 14 divide 1988?
True
Is 3782 a multiple of 63?
False
Is 15800 a multiple of 20?
True
Is 567 a multiple of 32?
False
Does 5 divide 16?
False
Does 7 divide 2004?
False
Is 29 a factor of 29024?
False
Is 10 a factor of 1234?
False
Is 3278 a multiple of 11?
True
Is 30270 a multiple of 9?
False
Is 877 a multiple of 21?
False
Does 9 divide 702?
True
Does 14 divide 401?
False
Is 1105 a multiple of 65?
True
Is 14 a factor of 1662?
False
Does 140 divide 2240?
True
Does 30 divide 60?
True
Is 8 a factor of 1036?
False
Does 7 divide 1855?
True
Is 4530 a multiple of 63?
False
Is 4 a factor of 121?
False
Is 45 a factor of 3878?
False
Is 63 a multiple of 10?
False
Is 163 a multiple of 16?
False
Is 8722 a multiple of 14?
True
Does 11 divide 35013?
True
Is 76 a factor of 11341?
False
Is 53 a factor of 1961?
True
Is 13287 a multiple of 26?
False
Does 76 divide 26892?
False
Is 15 a factor of 1185?
True
Is 108 a factor of 6696?
True
I